{"id":4724,"date":"2025-08-20T14:44:49","date_gmt":"2025-08-20T12:44:49","guid":{"rendered":"https:\/\/leserre.co\/?post_type=eventi&#038;p=4724"},"modified":"2025-10-02T09:36:37","modified_gmt":"2025-10-02T07:36:37","slug":"trasposizioni-2","status":"publish","type":"eventi","link":"https:\/\/leserre.co\/%eventi-slug%\/trasposizioni-2\/","title":{"rendered":"Trasposizioni"},"content":{"rendered":"\n<p>Questa mostra \u00e8 frutto di un percorso di ricerca e di dialogo con persone cieche e ipovedenti.&nbsp;<br>Le abbiamo incontrate in luoghi per loro particolarmente significativi. Seduti in una piazza o davanti a un edificio, ci siamo fatti descrivere e raccontare quel determinato spazio fisico, anche dal punto di vista emozionale e affettivo.&nbsp;<br><br>Qual \u00e8 la relazione con lo spazio per una persona che non vede? Come si orienta? Cosa mette in gioco? Spesso il luogo che ci hanno raccontato \u00e8 uno spazio visto e vissuto prima di perdere la vista, un luogo dei ricordi. In una seconda fase abbiamo fatto ascoltare queste interviste a cinque artisti e artiste e, coordinati da Laura Carraro e Mohamed Chabarik, hanno realizzato un\u2019opera materica, tattile, ispirata al racconto, liberamente reinterpretato.<br><br>Ogni opera \u00e8 esposta unitamente a una traccia audio che contiene i suoni e i rumori di quel luogo. Pi\u00f9 ci si avvicina, pi\u00f9 ci si immerge in quel determinato ambiente. Pi\u00f9 ci si allontana, pi\u00f9 il rumore si confonde con gli altri suoni e assume un carattere d\u2019insieme. <br><br>Sotto ogni opera \u00e8 posizionato un QR code che, una volta inquadrato, permette di accedere ad un contenuto audio specifico, una guida all\u2019esplorazione tattile utile a comprendere il prodotto artistico e a facilitarne l\u2019accessibilit\u00e0.&nbsp;<br><br>Questa mostra racconta l\u2019incontro tra il mondo di chi \u00e8 cieco e ipovedente e il mondo dell\u2019arte, per dare forma a un paesaggio diverso. Per sta<\/p>\n","protected":false},"excerpt":{"rendered":"<p>Questa mostra \u00e8 frutto di un percorso di ricerca e di dialogo con persone cieche e ipovedenti.&nbsp;Le abbiamo incontrate in luoghi per loro particolarmente significativi. Seduti in una piazza o davanti a un edificio, ci siamo fatti descrivere e raccontare quel determinato spazio fisico, anche dal punto di vista emozionale e affettivo.&nbsp;Qual \u00e8 la relazione [&hellip;]<\/p>\n","protected":false},"featured_media":4703,"template":"","acf":[],"_links":{"self":[{"href":"https:\/\/leserre.co\/wp-json\/wp\/v2\/eventi\/4724"}],"collection":[{"href":"https:\/\/leserre.co\/wp-json\/wp\/v2\/eventi"}],"about":[{"href":"https:\/\/leserre.co\/wp-json\/wp\/v2\/types\/eventi"}],"wp:featuredmedia":[{"embeddable":true,"href":"https:\/\/leserre.co\/wp-json\/wp\/v2\/media\/4703"}],"wp:attachment":[{"href":"https:\/\/leserre.co\/wp-json\/wp\/v2\/media?parent=4724"}],"curies":[{"name":"wp","href":"https:\/\/api.w.org\/{rel}","templated":true}]}}

<p>Questa mostra è frutto di un percorso di ricerca e di dialogo con persone cieche e ipovedenti.&nbsp;<br>Le abbiamo incontrate in luoghi per loro particolarmente significativi. Seduti in una piazza o davanti a un edificio, ci siamo fatti descrivere e raccontare quel determinato spazio fisico, anche dal punto di vista emozionale e affettivo.&nbsp;<br><br>Qual è la relazione con lo spazio per una persona che non vede? Come si orienta? Cosa mette in gioco? Spesso il luogo che ci hanno raccontato è uno spazio visto e vissuto prima di perdere la vista, un luogo dei ricordi. In una seconda fase abbiamo fatto ascoltare queste interviste a cinque artisti e artiste e, coordinati da Laura Carraro e Mohamed Chabarik, hanno realizzato un’opera materica, tattile, ispirata al racconto, liberamente reinterpretato.<br><br>Ogni opera è esposta unitamente a una traccia audio che contiene i suoni e i rumori di quel luogo. Più ci si avvicina, più ci si immerge in quel determinato ambiente. Più ci si allontana, più il rumore si confonde con gli altri suoni e assume un carattere d’insieme. <br><br>Sotto ogni opera è posizionato un QR code che, una volta inquadrato, permette di accedere ad un contenuto audio specifico, una guida all’esplorazione tattile utile a comprendere il prodotto artistico e a facilitarne l’accessibilità.&nbsp;<br><br>Questa mostra racconta l’incontro tra il mondo di chi è cieco e ipovedente e il mondo dell’arte, per dare forma a un paesaggio diverso. Per sta</p>

<p>Questa mostra è frutto di un percorso di ricerca e di dialogo con persone cieche e ipovedenti.&nbsp;Le abbiamo incontrate in luoghi per loro particolarmente significativi. Seduti in una piazza o davanti a un edificio, ci siamo fatti descrivere e raccontare quel determinato spazio fisico, anche dal punto di vista emozionale e affettivo.&nbsp;Qual è la relazione [&hellip;]</p>
