{"id":4488,"date":"2025-05-23T12:15:55","date_gmt":"2025-05-23T10:15:55","guid":{"rendered":"https:\/\/leserre.co\/?post_type=eventi&#038;p=4488"},"modified":"2025-06-13T15:15:08","modified_gmt":"2025-06-13T13:15:08","slug":"corso-base-audio-luci","status":"publish","type":"eventi","link":"https:\/\/leserre.co\/%eventi-slug%\/corso-base-audio-luci\/","title":{"rendered":"Corso audio luci"},"content":{"rendered":"\n<p>Con Jacopo Lunazzi, Giordano Sala, Francesco Rossi<\/p>\n\n\n\n<p>Percorso professionalizzante orientato alla produzione musicale rivolto ad aspiranti tecnici. Verranno alternati momenti teorici ed esperienze pratiche affianco a professionisti del settore.<br>Il corso vuole proporre un\u2019esperienza molto pratica che dia modo ai partecipanti di testare situazioni simili a quelle in cui potrebbero trovarsi a lavorare. Grazie alla disponibilit\u00e0 degli spazi Le(Serre e delle attrezzature presenti i partecipanti potranno montare impianti audio luci di diverse testando cos\u00ec le loro funzionalit\u00e0 accompagnati dai docenti.<br>Le attivit\u00e0 pratiche consentiranno di affrontare, man mano che si presentano, i diversi aspetti teorici connessi, fornendo ai partecipanti spiegazioni semplici e chiare, ma fornendo anche riferimenti utili per approfondire le diverse tematiche. Al termine del corso il partecipante sar\u00e0 in grado di gestire in autonomia un piccolo service audio luci, valutando la scheda tecnica e le richieste dell\u2019organizzazione in autonomia.<\/p>\n","protected":false},"excerpt":{"rendered":"<p>Con Jacopo Lunazzi, Giordano Sala, Francesco Rossi Percorso professionalizzante orientato alla produzione musicale rivolto ad aspiranti tecnici. Verranno alternati momenti teorici ed esperienze pratiche affianco a professionisti del settore.Il corso vuole proporre un\u2019esperienza molto pratica che dia modo ai partecipanti di testare situazioni simili a quelle in cui potrebbero trovarsi a lavorare. Grazie alla disponibilit\u00e0 [&hellip;]<\/p>\n","protected":false},"featured_media":4489,"template":"","acf":[],"_links":{"self":[{"href":"https:\/\/leserre.co\/wp-json\/wp\/v2\/eventi\/4488"}],"collection":[{"href":"https:\/\/leserre.co\/wp-json\/wp\/v2\/eventi"}],"about":[{"href":"https:\/\/leserre.co\/wp-json\/wp\/v2\/types\/eventi"}],"wp:featuredmedia":[{"embeddable":true,"href":"https:\/\/leserre.co\/wp-json\/wp\/v2\/media\/4489"}],"wp:attachment":[{"href":"https:\/\/leserre.co\/wp-json\/wp\/v2\/media?parent=4488"}],"curies":[{"name":"wp","href":"https:\/\/api.w.org\/{rel}","templated":true}]}}

<p>Con Jacopo Lunazzi, Giordano Sala, Francesco Rossi</p>



<p>Percorso professionalizzante orientato alla produzione musicale rivolto ad aspiranti tecnici. Verranno alternati momenti teorici ed esperienze pratiche affianco a professionisti del settore.<br>Il corso vuole proporre un’esperienza molto pratica che dia modo ai partecipanti di testare situazioni simili a quelle in cui potrebbero trovarsi a lavorare. Grazie alla disponibilità degli spazi Le(Serre e delle attrezzature presenti i partecipanti potranno montare impianti audio luci di diverse testando così le loro funzionalità accompagnati dai docenti.<br>Le attività pratiche consentiranno di affrontare, man mano che si presentano, i diversi aspetti teorici connessi, fornendo ai partecipanti spiegazioni semplici e chiare, ma fornendo anche riferimenti utili per approfondire le diverse tematiche. Al termine del corso il partecipante sarà in grado di gestire in autonomia un piccolo service audio luci, valutando la scheda tecnica e le richieste dell’organizzazione in autonomia.</p>

<p>Con Jacopo Lunazzi, Giordano Sala, Francesco Rossi Percorso professionalizzante orientato alla produzione musicale rivolto ad aspiranti tecnici. Verranno alternati momenti teorici ed esperienze pratiche affianco a professionisti del settore.Il corso vuole proporre un’esperienza molto pratica che dia modo ai partecipanti di testare situazioni simili a quelle in cui potrebbero trovarsi a lavorare. Grazie alla disponibilità [&hellip;]</p>
