{"id":4665,"date":"2025-07-22T10:55:44","date_gmt":"2025-07-22T08:55:44","guid":{"rendered":"https:\/\/leserre.co\/?post_type=eventi&#038;p=4665"},"modified":"2025-07-22T11:45:42","modified_gmt":"2025-07-22T09:45:42","slug":"audiobus-2","status":"publish","type":"eventi","link":"https:\/\/leserre.co\/%eventi-slug%\/audiobus-2\/","title":{"rendered":"Audiobus"},"content":{"rendered":"\n<p>Esperienza multimediale sull\u2019autobus urbano<br>Durata della corsa: 35 minuti<br>Et\u00e0 consigliata: dai 5 anni<\/p>\n\n\n\n<p>Audiobus \u00e8 una performance multidisciplinare, un tragitto letterario, gremito di suggestioni visive e sonore, di acrobazie, di storie. Tutto accade contemporaneamente, dentro e fuori l\u2019autobus.<br>Alla partenza riceverai un paio di cuffie e una voce narrante ti accompagner\u00e0, liberando la tua fantasia. Le voci e i suoni accompagneranno perfettamente ci\u00f2 che vedrai o crederai di vedere guardandoti attorno.<br>In citt\u00e0 la vita pulsa. Ma che cos\u2019\u00e8 la vita in una citt\u00e0?<br>Se vuoi rifletterci divertendoti, se vuoi osservare la citt\u00e0 con un pizzico di magia e una manciata di bellezza, sali su Audiobus. Alza la testa. Guardati intorno. La poesia ti rapir\u00e0.<\/p>\n\n\n\n<p>Date e orari:<br>Mercoled\u00ec 27 agosto&nbsp;2 corse:&nbsp;18:05, 19:20<br>Gioved\u00ec 28 agosto&nbsp;2 corse:&nbsp;16:15, 17:30<br>Venerd\u00ec 29 agosto&nbsp;2 corse:&nbsp;10:30, 11:45<br>Sabato 30 agosto&nbsp;2 corse:&nbsp;18:05, 19:20&nbsp;<\/p>\n","protected":false},"excerpt":{"rendered":"<p>Esperienza multimediale sull\u2019autobus urbanoDurata della corsa: 35 minutiEt\u00e0 consigliata: dai 5 anni Audiobus \u00e8 una performance multidisciplinare, un tragitto letterario, gremito di suggestioni visive e sonore, di acrobazie, di storie. Tutto accade contemporaneamente, dentro e fuori l\u2019autobus.Alla partenza riceverai un paio di cuffie e una voce narrante ti accompagner\u00e0, liberando la tua fantasia. Le voci [&hellip;]<\/p>\n","protected":false},"featured_media":4473,"template":"","acf":[],"_links":{"self":[{"href":"https:\/\/leserre.co\/wp-json\/wp\/v2\/eventi\/4665"}],"collection":[{"href":"https:\/\/leserre.co\/wp-json\/wp\/v2\/eventi"}],"about":[{"href":"https:\/\/leserre.co\/wp-json\/wp\/v2\/types\/eventi"}],"wp:featuredmedia":[{"embeddable":true,"href":"https:\/\/leserre.co\/wp-json\/wp\/v2\/media\/4473"}],"wp:attachment":[{"href":"https:\/\/leserre.co\/wp-json\/wp\/v2\/media?parent=4665"}],"curies":[{"name":"wp","href":"https:\/\/api.w.org\/{rel}","templated":true}]}}

<p>Esperienza multimediale sull’autobus urbano<br>Durata della corsa: 35 minuti<br>Età consigliata: dai 5 anni</p>



<p>Audiobus è una performance multidisciplinare, un tragitto letterario, gremito di suggestioni visive e sonore, di acrobazie, di storie. Tutto accade contemporaneamente, dentro e fuori l’autobus.<br>Alla partenza riceverai un paio di cuffie e una voce narrante ti accompagnerà, liberando la tua fantasia. Le voci e i suoni accompagneranno perfettamente ciò che vedrai o crederai di vedere guardandoti attorno.<br>In città la vita pulsa. Ma che cos’è la vita in una città?<br>Se vuoi rifletterci divertendoti, se vuoi osservare la città con un pizzico di magia e una manciata di bellezza, sali su Audiobus. Alza la testa. Guardati intorno. La poesia ti rapirà.</p>



<p>Date e orari:<br>Mercoledì 27 agosto&nbsp;2 corse:&nbsp;18:05, 19:20<br>Giovedì 28 agosto&nbsp;2 corse:&nbsp;16:15, 17:30<br>Venerdì 29 agosto&nbsp;2 corse:&nbsp;10:30, 11:45<br>Sabato 30 agosto&nbsp;2 corse:&nbsp;18:05, 19:20&nbsp;</p>

<p>Esperienza multimediale sull’autobus urbanoDurata della corsa: 35 minutiEtà consigliata: dai 5 anni Audiobus è una performance multidisciplinare, un tragitto letterario, gremito di suggestioni visive e sonore, di acrobazie, di storie. Tutto accade contemporaneamente, dentro e fuori l’autobus.Alla partenza riceverai un paio di cuffie e una voce narrante ti accompagnerà, liberando la tua fantasia. Le voci [&hellip;]</p>
