{"id":4732,"date":"2025-09-24T13:04:00","date_gmt":"2025-09-24T11:04:00","guid":{"rendered":"https:\/\/leserre.co\/?post_type=eventi&#038;p=4732"},"modified":"2025-09-25T09:11:02","modified_gmt":"2025-09-25T07:11:02","slug":"pietro-vicentini","status":"publish","type":"eventi","link":"https:\/\/leserre.co\/%eventi-slug%\/pietro-vicentini\/","title":{"rendered":"Pietro Vicentini"},"content":{"rendered":"\n<p>Batterista, producer e sound designer con base a Milano, \u00e8 un artista poliedrico e in continua evoluzione. Membro della band Real Timpani, collabora con numerosi progetti e realt\u00e0 musicali come musicista e produttore. Negli ultimi anni sviluppa un progetto solista in cui la batteria acustica \u00e8 al centro di una profonda esplorazione sonora in chiave elettronica. Attraverso una catena di processi, campionamenti e suoni raccolti nel tempo, d\u00e0 vita a set in cui l\u2019improvvisazione gioca un ruolo centrale: ogni concerto \u00e8 un\u2019esperienza diversa, immersiva e ipnotica, dove l\u2019ascoltatore viene trasportato in territori sonori sempre nuovi. Ad oggi, il progetto vive esclusivamente nella dimensione del live: nulla \u00e8 stato ancora pubblicato ufficialmente, rendendo ogni performance un momento irripetibile.<\/p>\n","protected":false},"excerpt":{"rendered":"<p>Batterista, producer e sound designer con base a Milano, \u00e8 un artista poliedrico e in continua evoluzione. Membro della band Real Timpani, collabora con numerosi progetti e realt\u00e0 musicali come musicista e produttore. Negli ultimi anni sviluppa un progetto solista in cui la batteria acustica \u00e8 al centro di una profonda esplorazione sonora in chiave [&hellip;]<\/p>\n","protected":false},"featured_media":4733,"template":"","acf":[],"_links":{"self":[{"href":"https:\/\/leserre.co\/wp-json\/wp\/v2\/eventi\/4732"}],"collection":[{"href":"https:\/\/leserre.co\/wp-json\/wp\/v2\/eventi"}],"about":[{"href":"https:\/\/leserre.co\/wp-json\/wp\/v2\/types\/eventi"}],"wp:featuredmedia":[{"embeddable":true,"href":"https:\/\/leserre.co\/wp-json\/wp\/v2\/media\/4733"}],"wp:attachment":[{"href":"https:\/\/leserre.co\/wp-json\/wp\/v2\/media?parent=4732"}],"curies":[{"name":"wp","href":"https:\/\/api.w.org\/{rel}","templated":true}]}}

<p>Batterista, producer e sound designer con base a Milano, è un artista poliedrico e in continua evoluzione. Membro della band Real Timpani, collabora con numerosi progetti e realtà musicali come musicista e produttore. Negli ultimi anni sviluppa un progetto solista in cui la batteria acustica è al centro di una profonda esplorazione sonora in chiave elettronica. Attraverso una catena di processi, campionamenti e suoni raccolti nel tempo, dà vita a set in cui l’improvvisazione gioca un ruolo centrale: ogni concerto è un’esperienza diversa, immersiva e ipnotica, dove l’ascoltatore viene trasportato in territori sonori sempre nuovi. Ad oggi, il progetto vive esclusivamente nella dimensione del live: nulla è stato ancora pubblicato ufficialmente, rendendo ogni performance un momento irripetibile.</p>

<p>Batterista, producer e sound designer con base a Milano, è un artista poliedrico e in continua evoluzione. Membro della band Real Timpani, collabora con numerosi progetti e realtà musicali come musicista e produttore. Negli ultimi anni sviluppa un progetto solista in cui la batteria acustica è al centro di una profonda esplorazione sonora in chiave [&hellip;]</p>
