{"id":4836,"date":"2025-09-25T18:12:31","date_gmt":"2025-09-25T16:12:31","guid":{"rendered":"https:\/\/leserre.co\/?post_type=eventi&#038;p=4836"},"modified":"2025-11-11T10:24:02","modified_gmt":"2025-11-11T08:24:02","slug":"le-storie-in-viaggio","status":"publish","type":"eventi","link":"https:\/\/leserre.co\/%eventi-slug%\/le-storie-in-viaggio\/","title":{"rendered":"Le storie in viaggio"},"content":{"rendered":"\n<p>Evento conclusivo del progetto Stories for Passengers e dell&#8217;applicazione Tracks.<br>Il progetto nasce da un attento studio e ricerca dello spazio urbano delle citt\u00e0 di Gorizia e Nova Gorica e dei centri urbani a cui sono collegate. Artisti, scrittori, drammaturghi e altri creativi hanno seguito per mesi, esplorando i percorsi quotidiani dei residenti e interagendo con la comunit\u00e0 locale. Da queste esperienze sono nate storie intime, poetiche e a volte anche umoristiche, che il pubblico pu\u00f2 vivere durante il viaggio. Durante l&#8217;evento verr\u00e0 presentato il processo creativo che ha portato alla creazione delle storie e il videodocumentario realizzato da Stefano Giacomuzzi.<\/p>\n\n\n\n<p><strong>18:00-18:30<\/strong> \u2013 Presentazione del progetto e dell&#8217;applicazione con Jacopo Bottani (autore), Carlo Zoratti (curatore) e Stefano Giacomuzzi (realizzazione video-documentario). <br><strong>18:40 <\/strong>\u2013 Esperienza con l&#8217;applicazione <em>Tracks<\/em>: viaggio con l&#8217;autobus della linea 8, ascoltando la storia tramite cuffie (sui propri telefoni). Per chi desidera partecipare all\u2019ascolto sull\u2019autobus saranno disponibili dei biglietti gratuiti<br><strong>20:00<\/strong> \u2013 Rinfresco<\/p>\n\n\n\n<p><\/p>\n","protected":false},"excerpt":{"rendered":"<p>Evento conclusivo del progetto Stories for Passengers e dell&#8217;applicazione Tracks.Il progetto nasce da un attento studio e ricerca dello spazio urbano delle citt\u00e0 di Gorizia e Nova Gorica e dei centri urbani a cui sono collegate. Artisti, scrittori, drammaturghi e altri creativi hanno seguito per mesi, esplorando i percorsi quotidiani dei residenti e interagendo con [&hellip;]<\/p>\n","protected":false},"featured_media":0,"template":"","acf":[],"_links":{"self":[{"href":"https:\/\/leserre.co\/wp-json\/wp\/v2\/eventi\/4836"}],"collection":[{"href":"https:\/\/leserre.co\/wp-json\/wp\/v2\/eventi"}],"about":[{"href":"https:\/\/leserre.co\/wp-json\/wp\/v2\/types\/eventi"}],"wp:attachment":[{"href":"https:\/\/leserre.co\/wp-json\/wp\/v2\/media?parent=4836"}],"curies":[{"name":"wp","href":"https:\/\/api.w.org\/{rel}","templated":true}]}}

<p>Evento conclusivo del progetto Stories for Passengers e dell&#8217;applicazione Tracks.<br>Il progetto nasce da un attento studio e ricerca dello spazio urbano delle città di Gorizia e Nova Gorica e dei centri urbani a cui sono collegate. Artisti, scrittori, drammaturghi e altri creativi hanno seguito per mesi, esplorando i percorsi quotidiani dei residenti e interagendo con la comunità locale. Da queste esperienze sono nate storie intime, poetiche e a volte anche umoristiche, che il pubblico può vivere durante il viaggio. Durante l&#8217;evento verrà presentato il processo creativo che ha portato alla creazione delle storie e il videodocumentario realizzato da Stefano Giacomuzzi.</p>



<p><strong>18:00-18:30</strong> – Presentazione del progetto e dell&#8217;applicazione con Jacopo Bottani (autore), Carlo Zoratti (curatore) e Stefano Giacomuzzi (realizzazione video-documentario). <br><strong>18:40 </strong>– Esperienza con l&#8217;applicazione <em>Tracks</em>: viaggio con l&#8217;autobus della linea 8, ascoltando la storia tramite cuffie (sui propri telefoni). Per chi desidera partecipare all’ascolto sull’autobus saranno disponibili dei biglietti gratuiti<br><strong>20:00</strong> – Rinfresco</p>



<p></p>

<p>Evento conclusivo del progetto Stories for Passengers e dell&#8217;applicazione Tracks.Il progetto nasce da un attento studio e ricerca dello spazio urbano delle città di Gorizia e Nova Gorica e dei centri urbani a cui sono collegate. Artisti, scrittori, drammaturghi e altri creativi hanno seguito per mesi, esplorando i percorsi quotidiani dei residenti e interagendo con [&hellip;]</p>
