{"id":5077,"date":"2026-01-08T15:34:08","date_gmt":"2026-01-08T13:34:08","guid":{"rendered":"https:\/\/leserre.co\/?post_type=eventi&#038;p=5077"},"modified":"2026-01-08T15:35:38","modified_gmt":"2026-01-08T13:35:38","slug":"far-radici","status":"publish","type":"eventi","link":"https:\/\/leserre.co\/%eventi-slug%\/far-radici\/","title":{"rendered":"Far radici"},"content":{"rendered":"\n<p>Altrememorie alla Casa delle Culture Bambine<br><br>Attraverso le pratiche artistiche lavoreremo assieme ai bambini e alle bambine per creare un\u2019aiuola nel cortile di Cjase di Catine.<br>Un\u2019aiuola per intessere legami tra la Casa delle Culture Bambine e la comunit\u00e0. Una nuova aiuola come mediatore di relazioni. Per favorire la partecipazione, oltre agli abitanti, inviteremo anche le scuole infanzia e primaria perch\u00e9 la relazione della comunit\u00e0 sia interazione attiva, presenza, consapevolezza di s\u00e9, condivisione con agli altri e perch\u00e9 la creazione dell\u2019 \u201copera\u201d veda tutti co-artefici di cultura. Prima di ogni cosa: \u201cl\u2019osservazione\u201d, preludio di ogni azione artistica. Aspettare, capire, tentare, per poi scoprire che il giardino si fa per buona parte da solo, senza noi, nel tempo come un piccolo mondo che sceglie da solo come procedere. Da dove iniziare: da quello che non si vede: le radici, i rizomi o i bulbi. Dalla rete sotterranea che da ausilio e permette lo scambio. Dallo scambio invisibile in superficie, ma che \u00e8 il fondamento nelle consociazioni che noi chiamiamo giardino.<\/p>\n","protected":false},"excerpt":{"rendered":"<p>Altrememorie alla Casa delle Culture Bambine Attraverso le pratiche artistiche lavoreremo assieme ai bambini e alle bambine per creare un\u2019aiuola nel cortile di Cjase di Catine.Un\u2019aiuola per intessere legami tra la Casa delle Culture Bambine e la comunit\u00e0. Una nuova aiuola come mediatore di relazioni. Per favorire la partecipazione, oltre agli abitanti, inviteremo anche le [&hellip;]<\/p>\n","protected":false},"featured_media":5079,"template":"","acf":[],"_links":{"self":[{"href":"https:\/\/leserre.co\/wp-json\/wp\/v2\/eventi\/5077"}],"collection":[{"href":"https:\/\/leserre.co\/wp-json\/wp\/v2\/eventi"}],"about":[{"href":"https:\/\/leserre.co\/wp-json\/wp\/v2\/types\/eventi"}],"wp:featuredmedia":[{"embeddable":true,"href":"https:\/\/leserre.co\/wp-json\/wp\/v2\/media\/5079"}],"wp:attachment":[{"href":"https:\/\/leserre.co\/wp-json\/wp\/v2\/media?parent=5077"}],"curies":[{"name":"wp","href":"https:\/\/api.w.org\/{rel}","templated":true}]}}

<p>Altrememorie alla Casa delle Culture Bambine<br><br>Attraverso le pratiche artistiche lavoreremo assieme ai bambini e alle bambine per creare un’aiuola nel cortile di Cjase di Catine.<br>Un’aiuola per intessere legami tra la Casa delle Culture Bambine e la comunità. Una nuova aiuola come mediatore di relazioni. Per favorire la partecipazione, oltre agli abitanti, inviteremo anche le scuole infanzia e primaria perché la relazione della comunità sia interazione attiva, presenza, consapevolezza di sé, condivisione con agli altri e perché la creazione dell’ “opera” veda tutti co-artefici di cultura. Prima di ogni cosa: “l’osservazione”, preludio di ogni azione artistica. Aspettare, capire, tentare, per poi scoprire che il giardino si fa per buona parte da solo, senza noi, nel tempo come un piccolo mondo che sceglie da solo come procedere. Da dove iniziare: da quello che non si vede: le radici, i rizomi o i bulbi. Dalla rete sotterranea che da ausilio e permette lo scambio. Dallo scambio invisibile in superficie, ma che è il fondamento nelle consociazioni che noi chiamiamo giardino.</p>

<p>Altrememorie alla Casa delle Culture Bambine Attraverso le pratiche artistiche lavoreremo assieme ai bambini e alle bambine per creare un’aiuola nel cortile di Cjase di Catine.Un’aiuola per intessere legami tra la Casa delle Culture Bambine e la comunità. Una nuova aiuola come mediatore di relazioni. Per favorire la partecipazione, oltre agli abitanti, inviteremo anche le [&hellip;]</p>
