{"id":5239,"date":"2026-03-04T15:59:48","date_gmt":"2026-03-04T13:59:48","guid":{"rendered":"https:\/\/leserre.co\/it\/eventi\/\/"},"modified":"2026-03-12T12:32:21","modified_gmt":"2026-03-12T10:32:21","slug":"strumenti-digitali-per-progetti-culturali","status":"publish","type":"eventi","link":"https:\/\/leserre.co\/%eventi-slug%\/strumenti-digitali-per-progetti-culturali\/","title":{"rendered":"Strumenti digitali per progetti culturali"},"content":{"rendered":"\n<p>Questo \u00e8 il quarto dei moduli intensivi dedicati a diversi ambiti strategici per chi opera nel settore culturale.  <\/p>\n\n\n\n<p>Il corso \u00e8 dedicato alla gestione operativa dei progetti culturali attraverso l\u2019utilizzo di strumenti digitali concreti, accessibili e immediatamente applicabili. <\/p>\n\n\n\n<p>L\u2019obiettivo \u00e8 accompagnare operatori e operatrici nell\u2019adozione di modalit\u00e0 di lavoro pi\u00f9 strutturate, collaborative e sostenibili, valorizzando l\u2019utilizzo degli strumenti digitali pi\u00f9 adeguati. Il corso \u00e8 fortemente orientato alla pratica: le attivit\u00e0 laboratoriali saranno sviluppate a partire da progetti reali per favorire l\u2019applicabilit\u00e0 immediata degli strumenti sperimentati. <br>Accanto alla dimensione tecnica, il corso valorizza il confronto tra enti, prevedendo momenti strutturati di networking e scambio di esperienze. <\/p>\n\n\n\n<p><\/p>\n\n\n\n<p>Metodologia <br>Il corso adotta un approccio pratico e laboratoriale, orientato alla sperimentazione diretta degli strumenti. Ogni sessione alterner\u00e0 brevi inquadramenti metodologici, dimostrazioni guidate di strumenti digitali, esercitazioni individuali e di gruppo, momenti strutturati di confronto e networking. L\u2019obiettivo \u00e8 garantire una trasferibilit\u00e0 immediata delle competenze, permettendo ai\/alle partecipanti di uscire dal corso con strumenti gi\u00e0 impostati e pronti all\u2019uso. <\/p>\n\n\n\n<p>Candidature <br>Inviare una mail a formazione@leserre.co entro il 13 marzo allegando i seguenti documenti: \u2013 storico dell\u2019organizzazione (solo per le organizzazioni) \u2013 curriculum vitae della persona che partecipa  <\/p>\n\n\n\n<p><\/p>\n\n\n\n<p>La formazione \u00e8 gratuita grazie al finanziamento della regione Friuli Venezia Giulia: \u201cContenitori Culturali Creativi, incentivi triennali finalizzati a promuovere i luoghi della cultura regionale\u201d <\/p>\n","protected":false},"excerpt":{"rendered":"<p>Questo \u00e8 il quarto dei moduli intensivi dedicati a diversi ambiti strategici per chi opera nel settore culturale. Il corso \u00e8 dedicato alla gestione operativa dei progetti culturali attraverso l\u2019utilizzo di strumenti digitali concreti, accessibili e immediatamente applicabili. L\u2019obiettivo \u00e8 accompagnare operatori e operatrici nell\u2019adozione di modalit\u00e0 di lavoro pi\u00f9 strutturate, collaborative e sostenibili, valorizzando [&hellip;]<\/p>\n","protected":false},"featured_media":5241,"template":"","acf":[],"_links":{"self":[{"href":"https:\/\/leserre.co\/wp-json\/wp\/v2\/eventi\/5239"}],"collection":[{"href":"https:\/\/leserre.co\/wp-json\/wp\/v2\/eventi"}],"about":[{"href":"https:\/\/leserre.co\/wp-json\/wp\/v2\/types\/eventi"}],"wp:featuredmedia":[{"embeddable":true,"href":"https:\/\/leserre.co\/wp-json\/wp\/v2\/media\/5241"}],"wp:attachment":[{"href":"https:\/\/leserre.co\/wp-json\/wp\/v2\/media?parent=5239"}],"curies":[{"name":"wp","href":"https:\/\/api.w.org\/{rel}","templated":true}]}}

<p>Questo è il quarto dei moduli intensivi dedicati a diversi ambiti strategici per chi opera nel settore culturale.  </p>



<p>Il corso è dedicato alla gestione operativa dei progetti culturali attraverso l’utilizzo di strumenti digitali concreti, accessibili e immediatamente applicabili. </p>



<p>L’obiettivo è accompagnare operatori e operatrici nell’adozione di modalità di lavoro più strutturate, collaborative e sostenibili, valorizzando l’utilizzo degli strumenti digitali più adeguati. Il corso è fortemente orientato alla pratica: le attività laboratoriali saranno sviluppate a partire da progetti reali per favorire l’applicabilità immediata degli strumenti sperimentati. <br>Accanto alla dimensione tecnica, il corso valorizza il confronto tra enti, prevedendo momenti strutturati di networking e scambio di esperienze. </p>



<p></p>



<p>Metodologia <br>Il corso adotta un approccio pratico e laboratoriale, orientato alla sperimentazione diretta degli strumenti. Ogni sessione alternerà brevi inquadramenti metodologici, dimostrazioni guidate di strumenti digitali, esercitazioni individuali e di gruppo, momenti strutturati di confronto e networking. L’obiettivo è garantire una trasferibilità immediata delle competenze, permettendo ai/alle partecipanti di uscire dal corso con strumenti già impostati e pronti all’uso. </p>



<p>Candidature <br>Inviare una mail a formazione@leserre.co entro il 13 marzo allegando i seguenti documenti: – storico dell’organizzazione (solo per le organizzazioni) – curriculum vitae della persona che partecipa  </p>



<p></p>



<p>La formazione è gratuita grazie al finanziamento della regione Friuli Venezia Giulia: “Contenitori Culturali Creativi, incentivi triennali finalizzati a promuovere i luoghi della cultura regionale” </p>

<p>Questo è il quarto dei moduli intensivi dedicati a diversi ambiti strategici per chi opera nel settore culturale. Il corso è dedicato alla gestione operativa dei progetti culturali attraverso l’utilizzo di strumenti digitali concreti, accessibili e immediatamente applicabili. L’obiettivo è accompagnare operatori e operatrici nell’adozione di modalità di lavoro più strutturate, collaborative e sostenibili, valorizzando [&hellip;]</p>
